- 3. Let c be h(-2). Let p = c + 0. List the prime factors of p.
11
Suppose 3*q - 12 = b, 0 = 5*q + 3*b - 2*b - 12. List the prime factors of (-10)/(2/(-30)*q).
2, 5
Suppose l = 4*v + 29, 5*v + 37 - 3 = l. List the prime factors of l.
3
Let t(m) = -3*m + 4. Let l(k) = -2*k + 3. Let y(d) = -4*l(d) + 3*t(d). Let g(i) = 3*i - 1. Let s(c) = g(c) + 6*y(c). List the prime factors of s(-4).
11
Let q(t) = 2*t + 14. Let g be q(-7). Suppose 0 = -3*b + 5*v + 46, 4*b + 3*v = -g*v + 13. What are the prime factors of b?
7
Let f(q) = -q**3 + 3*q**2 + 2*q + 3. Let p be f(3). Let a = 19 - p. Let h = -7 + a. What are the prime factors of h?
3
Let p(s) = 11*s + 2. Let o(g) be the second derivative of 5*g**3/6 + g**2/2 - g. Let a(m) = -5*o(m) + 2*p(m). List the prime factors of a(-1).
2
List the prime factors of 2 + -4 + (-5 - -80).
73
Suppose -5*t + 0*h + 25 = 2*h, 0 = -2*h - 10. Let f be t + (1 - 0) + -3. Suppose -f*j = -j - 20. List the prime factors of j.
5
Suppose -m - 2*m = -12. Let p(y) = -5*y - 1. Let z(a) = 6*a + 2. Let o(d) = 7*p(d) + 6*z(d). List the prime factors of o(m).
3
Let j be (-2)/(-10) - (-4)/(-20). Suppose j = -2*k - 4. Let l = k + 14. List the prime factors of l.
2, 3
Let l(o) = 3*o + 1. Let a be l(-1). Let j be (a - -3)*(-201)/(-3). Suppose -3*z - 13 = -2*x + 32, 0 = -3*x + 4*z + j. What are the prime factors of x?
3, 7
Suppose 5*t - 17 = -3*v, -16 = -5*v - 2*t + 6. Suppose 0 = 2*a - v*a + 10. Suppose 34 = a*j - 41. What are the prime factors of j?
3, 5
Let p(d) = d + 5. Let h be p(-5). Suppose h*g + 13 = g. Suppose -22 - g = -4*i - 3*w, -3*i - 5*w + 18 = 0. What are the prime factors of i?
11
Suppose -4*y - 8*m + 524 = -10*m, 660 = 5*y - 5*m. What are the prime factors of y?
2, 5, 13
Let b(v) = 62*v - 23. What are the prime factors of b(4)?
3, 5
Let g(x) = 2*x + 7. Let y be g(8). Suppose 29 = 4*a - y. What are the prime factors of a?
13
Let c be (19 - 0) + -1 + 2. Suppose -5*l + l = -c. Suppose 3*d + l*m - 23 = 3, 0 = -5*d + 5*m + 110. What are the prime factors of d?
17
Let h(j) = j**3 - 2*j**2 - 4*j. List the prime factors of h(4).
2
Suppose -4*v = -3*v - 3. Suppose -w - v*w = -48. Suppose w = b + 2*b. List the prime factors of b.
2
Suppose 5*u = k - 2*k + 498, 3*u - 306 = 3*k. What are the prime factors of u?
2, 5
Let d(w) = -9*w + 6. Let f be d(-4). Suppose -3*b + f = -18. List the prime factors of b.
2, 5
Suppose 0 = 3*m - 5*m + 208. Suppose -4*p + m = 5*w + 41, 3*w + 27 = 3*p. What are the prime factors of p?
2, 3
Let d = -62 - -149. List the prime factors of d.
3, 29
Let z(j) = -4*j**2 - 7*j + 2. Let a(c) = 9*c**2 + 15*c - 5. Let g(y) = 3*a(y) + 7*z(y). What are the prime factors of g(-2)?
3
Let v be (12 - 4)/(2/1). Suppose 2*f + 63 = -v*l + 259, 0 = l + 4*f - 49. What are the prime factors of l?
7
Let k(d) = -30*d**3 - d**2 - 5*d + 4. Let w(g) = 59*g**3 + 3*g**2 + 11*g - 9. Let i(q) = -5*k(q) - 2*w(q). What are the prime factors of i(1)?
2
Let g = 4 + -8. Let j = g + 8. Suppose 1 = 5*c + 11, 5*w - j*c = 23. What are the prime factors of w?
3
Suppose 5*j = -20, 0*b - 3*j - 204 = -4*b. Suppose 6*l - b = 4*l. List the prime factors of l.
2, 3
Let u(o) = -17*o - 39. What are the prime factors of u(-4)?
29
Let o = -8 + 1. What are the prime factors of (1 + 1)/((-2)/o)?
7
Let t(n) = -n - 7. Let f be t(-9). Suppose -f*c - 28 = -4*c. Suppose 2*g - c = -2*k, -2*k - g - 26 = -4*k. List the prime factors of k.
11
Suppose 20 = 3*m - 19. What are the prime factors of m?
13
Suppose 2*a + 5*l + 63 = 3*a, 0 = -4*a - 4*l + 156. What are the prime factors of a?
43
Let u(b) = -b**3 + 6*b**2 + b - 8. Let l be u(6). Let j be 7/3 - l/(-6). Suppose 0 = -3*z - j*z + 15. What are the prime factors of z?
3
Suppose -3*a - 5*l = -4, -5*a + 2*l + 20 = -3*l. What are the prime factors of -1 + 57/9*a?
2, 3
Suppose -2*y + 3*n = n - 16, 8 = 3*y + n. Suppose 10 - 50 = -y*u. What are the prime factors of u?
2, 5
Suppose -8*o + 3*o = -3*q + 20, -3*q = -4*o - 19. Let f be -2*(o - (2 + -2)). Suppose f*d - 27 = -d. What are the prime factors of d?
3
Let a = 10 + -8. Let j(t) = -t**2 - 5*t - 1. Let s be j(-4). Suppose 0 = s*d - 5*i - 9 - 36, a*i - 44 = -5*d. What are the prime factors of d?
2, 5
Suppose 2*o = 3*q - 1030, 3*o = -3*q + o + 1034. List the prime factors of q.
2, 43
Let k(i) = 5*i**2 - 7*i + 7. Let b(o) = -4*o**2 + 8*o - 6. Let m(q) = -6*b(q) - 5*k(q). List the prime factors of m(-11).
23
Suppose -4*f + 3*f - 5 = 0, -5*k + 60 = -5*f. What are the prime factors of k?
7
Let n = -7 - -10. What are the prime factors of n/(0 + -3) - -16?
3, 5
Let n(k) be the third derivative of -k**4/12 - 13*k**3/6 - k**2. Let m be n(-9). Suppose m*b - 17 - 3 = 0. List the prime factors of b.
2
What are the prime factors of (-1)/(5/20) + 270?
2, 7, 19
Let i be (-15 - -1)*(-4 + 6). Suppose -3*j = -0*j - 117. Let z = i + j. What are the prime factors of z?
11
What are the prime factors of (3 - 85)/(2/(-6))?
2, 3, 41
Let z(m) = 4*m**3 + 1. Let t be z(1). Suppose -f - t*v + 33 = -5*f, f + 4*v - 18 = 0. List the prime factors of f - (-4 + 2 - 2).
2
Let c = 14 - 10. Let y = 2 - c. List the prime factors of 4 + 0 + (0 - y).
2, 3
Suppose h + h - 65 = -3*w, 0 = 5*w + 5*h - 115. List the prime factors of w.
19
Let f be -2 + -1*-6*1. Suppose 2 = 3*l - f, -x = -l - 9. What are the prime factors of x?
11
Suppose 329 = 6*o + o. List the prime factors of o.
47
Suppose -l = 2*v + 1 - 11, 22 = 4*v + l. Let n(m) = -m**2 + 8*m + 5. List the prime factors of n(v).
17
Suppose 3*t + 3*h = 311 - 116, -4*t + 260 = -h. List the prime factors of t.
5, 13
Suppose -3*k = -3*w + 150, 37 = -k - 2*w + 2. Let v = 64 + k. List the prime factors of v.
19
Let a(v) = -58*v**3 - v**2 + 1. Let z be a(-1). Let l = 84 - z. List the prime factors of l.
2, 13
Let v be 0 + -2 + 2 - 2. What are the prime factors of (v + 12)*(-8)/(-5)?
2
Let d(v) = -v**2 + 175. Let w be d(0). What are the prime factors of ((-2)/2)/((-5)/w)?
5, 7
Let q = 11 - 5. Let k = -3 + q. Let h = k - -3. What are the prime factors of h?
2, 3
Suppose 54 = -5*y - 16. Let n = y - -21. What are the prime factors of n?
7
Suppose 4*r = 3*f + 32, 0*r - 2 = 2*r. What are the prime factors of f/8*24/(-3)?
2, 3
Suppose 0 = 170*t - 166*t - 648. List the prime factors of t.
2, 3
Let q = 5 + -6. Let x(s) = 21*s**2 - s - 1. Let f be x(q). Let j = -11 + f. List the prime factors of j.
2, 5
Suppose 4*t - 18 = -5*c, 4*c + 3*t - 12 = -t. What are the prime factors of c?
2, 3
Let l(b) = -1. Let i(r) = 3*r + 24. Let c(a) = i(a) + 15*l(a). Let f be c(-9). Let z = f - -34. What are the prime factors of z?
2
Suppose 6*g - 340 = g. What are the prime factors of g?
2, 17
Let l(o) be the third derivative of -o**4/2 - o**3/6 + o**2. Suppose -v - 4*q - 19 = -6, 6 = -2*q. List the prime factors of l(v).
11
Let j = 4 + 2. Suppose 107 = 4*u - i, -2*i = -j*i + 20. What are the prime factors of u?
2, 7
Let s = 2 - 0. Suppose 25 = s*u - u. List the prime factors of u.
5
Let d = 188 + -128. List the prime factors of d.
2, 3, 5
Let j = 13 + 2. What are the prime factors of (j/2)/(15/20)?
2, 5
Let d(n) = n**3 - 7*n**2 + 5*n - 1. Let f be d(7). Suppose 16 + f = 5*a. List the prime factors of a.
2, 5
Let w(h) = -h + 5. Suppose -c = 2*p - 5*c + 10, 3*p + 5*c = -26. What are the prime factors of w(p)?
2, 3
Suppose 1 = -2*o + 13. What are the prime factors of 1 + (o - (1 - 4))?
2, 5
Let j = 96 + 90. What are the prime factors of j?
2, 3, 31
Let a be 1*3/6*2. Let b be (-4)/(-2) + -3*a. Let n = b - -7. List the prime factors of n.
2, 3
Let h = 43 - 7. List the prime factors of h.
2, 3
List the prime factors of 117/12 - (-7)/28.
2, 5
Suppose -5 - 2 = -2*t + n, -3*n + 24 = 3*t. Suppose -s - 2*s = 5*w - 10, 0 = t*w - 5*s - 10. Let y(l) = l**3 + 2*l**2 - 4*l + 3. List the prime factors of y(w).
11
Suppose 4*a - 1 - 1 = -5*j, -4*j + 5*a = -18. Let h be (-3)/12 - (-50)/8. Suppose j*r + 12 = 4*b, -h*b = -4*b + r - 2. List the prime factors of b.
2
Suppose -10*i - 65 = -15*i. List the prime factors of i.
13
Let l = -1 + 5. Suppose -l*w = 4*y - 7 - 89, -5*w = -25. What are the prime factors of y?
19
Suppose 2*y - 5*y - 2 = 4*w, 0 = -3*y + 2*w - 26. Let s = -4 - y. Suppose c + 4 = k + 3*c, -5*k - s*c + 52 = 0. What are the prime factors of k?
2, 3
Let i(x) be the third derivative of -1/24*x**4 - 3*x**